= t - 677. Is 5 a factor of r?
True
Let i = -7870 + 16339. Is 145 a factor of i?
False
Let z(d) = -124*d - 380. Does 6 divide z(-59)?
True
Let l(x) = -4*x**2 + 4*x + 15. Let n be l(4). Let q = n - 37. Let f = 126 + q. Is f a multiple of 25?
False
Let t(o) = o**2 - 5*o + 8. Let j(g) = -g**2 - 2*g + 6. Let b(r) = r**2. Let l be b(0). Let d be j(l). Is 14 a factor of t(d)?
True
Let u(o) = 110 + 6*o + o - 63. Let d(a) = -14*a - 95. Let m(s) = -2*d(s) - 5*u(s). Does 5 divide m(-10)?
True
Suppose 19*d - 59502 = -26274 + 124092. Is 45 a factor of d?
True
Let y be (6/(-5) + 0)/((-6)/20). Is 10 a factor of (-9)/(6/(-720)*y)?
True
Let h be 1/(-3)*-11*-3. Let r(o) = 5852 - 5814 - 2*o + o. Is 26 a factor of r(h)?
False
Does 6 divide (191 - 192)/(1/(-5037))?
False
Let s = 188 + -358. Let l be (s/(-15))/((-2)/(-9)). Suppose -2*h = -l - 15. Is h a multiple of 11?
True
Suppose 0 = 3*q - 2*j - 89, 5*q = -j + 141 + 3. Let y = q + 82. Does 8 divide y?
False
Suppose 1326 = u + 12*u. Let x = u - 99. Does 2 divide (x + 13)/(-1 + 0)*-1?
True
Let a(f) = -4*f + 2*f + 18*f**2 + 16 + 8*f - 7*f. Does 35 divide a(3)?
True
Let q(i) = -i**3 - 106*i**2 - 477*i - 330. Is q(-105) a multiple of 15?
True
Let m(a) = -2*a + 24. Let z be 17/2 - 5/(-10) - 0. Let o be m(z). Is 5 a factor of (3 - -17)*21/o?
True
Let z = 2842 - 1806. Does 28 divide z?
True
Let w = 1778 - 1247. Let s = w + -156. Does 75 divide s?
True
Let c be (-9 + 11)*-1 - 65/(-1). Suppose 0 = -4*z + 3*t + 151, -t = -6*z + 8*z - c. Is 8 a factor of z?
False
Suppose 3*h = -4*y + 59199, -4*y = -4*h - 59331 + 83. Is 47 a factor of y?
True
Does 9 divide (1 + -4 - 2) + 0 + 2006?
False
Let c(o) = 636*o**2 + 8*o + 8. Let m be c(-1). Suppose 6*z - 5*z + g = 169, 0 = 4*z - 4*g - m. Is 12 a factor of z?
False
Let v be -2 + (-9 - -6) + 11. Let g be (-1 + 4)/((-3)/(-8)). Suppose -g*m + 180 = -v*m. Is 9 a factor of m?
True
Let n = 44594 + -21138. Does 13 divide n?
False
Suppose 0 = 2*o + 2*j - 0*j + 18, 4*o - 4 = 4*j. Let c be -7 + 324 - (-2 - o). Suppose 23*d - 28*d + c = 0. Is 11 a factor of d?
False
Let k = 5665 + -339. Is 34 a factor of k?
False
Is 88 a factor of 60 + -98 + 41 - 1*(0 - 24109)?
True
Suppose 45*x + 20*x + 136800 = 89*x. Is 60 a factor of x?
True
Suppose -4*w - p = 18 - 49, 0 = -3*w - 4*p + 33. Suppose 1160 = w*u + 229. Is u a multiple of 41?
False
Let v(l) = 70*l - 13 - 12 - 13 + 33. Is v(2) a multiple of 13?
False
Let u(o) be the third derivative of -o**6/120 - o**5/10 + o**4/8 + 5*o**3/3 + 2*o**2. Let s be (-5 + (-9)/(-27))*6/4. Is 4 a factor of u(s)?
False
Let d be (12/16 + 0)/(2/8). Let y(w) = -1 - 2*w + w - 162*w**d - 2*w**2 + w**2 + 60*w**3. Does 33 divide y(-1)?
False
Let d = -4942 + 8862. Is 8 a factor of d?
True
Let o(r) = -2*r**3 + 15*r**2 - 3*r - 12. Let f be o(7). Let t be f/(-48)*-1*309. Let n = t - -25. Is 16 a factor of n?
True
Suppose l - 9616 = -w, w = -37 + 33. Is l a multiple of 36?
False
Let y = -137 + 136. Is 92 - -5 - (-1 - (-3 - y)) a multiple of 4?
True
Let g(d) = -24*d + 29. Let v be g(6). Let q = v - -87. Let f = q + 38. Does 3 divide f?
False
Suppose 108*u = 107*u - 4. Does 12 divide 301 + (1/(-3))/(u/(-12))?
True
Suppose 236*r - 22024 = 51372. Is r a multiple of 199?
False
Suppose -3*y - 589 = 1145. Let d = 1698 + y. Is 41 a factor of d?
False
Suppose 0 = 13*y - 12*y - 3. Suppose y*j = 187 + 35. Suppose -j = -4*k + 174. Is k a multiple of 23?
False
Suppose -15624 + 29333 = 41*w - 86782. Is w a multiple of 59?
False
Suppose -16*z + 17400 = -10*z. Suppose 2*f - 4*w - 959 = 201, 3*w = -5*f + z. Is 13 a factor of f?
False
Let k(m) = -m**3 - 31*m**2 - 9*m + 242. Is k(-37) a multiple of 51?
False
Let x(d) = -d**2 + 7*d + 7. Let g be x(8). Let s be 4/(2/27*3)*g. Is (s/15)/(2/(-280)) a multiple of 12?
True
Is 4536*16/(-384)*-16 a multiple of 36?
True
Suppose 429 + 795 = 24*p. Suppose p*m = 40*m + 2244. Is m a multiple of 34?
True
Let k(j) = 361*j**2 - 109*j - 944. Is 169 a factor of k(-7)?
False
Suppose 4*i + 18 = 82. Suppose -i*o + 35*o = 1995. Is o a multiple of 19?
False
Suppose 7*y = -18*y + 300. Is 6 a factor of y?
True
Let z be (-12 + 7)*-2*(-27)/(-30). Suppose 0 = 3*q + z*q - 3036. Does 6 divide q?
False
Suppose 3*x - 4*l = -129, -41 = 4*x + 2*l + 131. Let v = -18 + x. Let o = v - -105. Is o a multiple of 8?
False
Let z(j) = -j**2 + 27*j + 49. Let b be z(16). Is 12/90 - 5/(b/(-23484)) a multiple of 10?
False
Let i(b) be the second derivative of b**4/4 - b**3 + 35*b**2/2 + 46*b. Is i(5) a multiple of 8?
True
Let w(z) be the second derivative of z**6/720 + z**5/40 + 2*z**4 - 25*z. Let g(n) be the third derivative of w(n). Is g(9) a multiple of 7?
False
Does 4 divide ((-12)/(-5))/(20/(-50)) - -176?
False
Let s = -106 - -134. Is 15 a factor of 8/s - (-5456)/14?
True
Let g(r) = -r**2 - 9*r - 16. Let l be g(-8). Let n = l + -11. Let t = n - -53. Is t a multiple of 6?
False
Suppose -4*j = -16, -4*v + 158 = -5*j - 54. Is v - 3 - (7 - 2) a multiple of 10?
True
Let t(d) = 10*d + 19. Let w be t(4). Let v = -59 + w. Suppose 6*g - 24 = -v*g. Is g a multiple of 2?
True
Let w(y) = 7*y**2 - 3*y + 2. Let o be w(1). Suppose u - 393 = -4*m, -4*m + o*m - 209 = -3*u. Suppose -3*f - r + 326 = -5*r, f + r - m = 0. Is 23 a factor of f?
False
Let x(n) = -17*n + 45. Let k be x(6). Let p = -49 - k. Suppose -p*o - 396 = -12*o. Is 29 a factor of o?
False
Let v(h) = 12*h - 1. Let i be v(7). Suppose 2*r = -g + 93, -g - 4*r + 0*r = -i. Is g a multiple of 8?
False
Let p be (-8)/(-2) + -5 - -1. Suppose -d + 0*m - 2*m = -4, d - 2*m - 24 = p. Let o = 65 - d. Is o a multiple of 6?
False
Let t(x) = -7*x + 26. Let p be t(3). Suppose 147 - 24 = 2*q + p*z, 3*z = -4*q + 281. Is 37 a factor of q?
True
Suppose -n = 43 - 48. Suppose -2*f - 3*f + n*i + 495 = 0, 4*f + 4*i - 396 = 0. Does 9 divide f?
True
Suppose -5*m - 3*g + 10 = 0, 5*m + 2 = 4*g + 47. Suppose -m*l = -3*s - 1, -2*l + 3*l + 13 = 5*s. Does 4 divide 9 + (7 + l)/3?
True
Let o(z) = 3*z - 26. Let x be o(8). Let a be (x - 4*(-12)/8) + -9. Does 10 divide (a - -20)*136/12?
True
Suppose 3*m + d - 4185 = 0, -4*m + 5567 = -5*d + 2*d. Is 11 a factor of m?
False
Let v(y) be the second derivative of y**4/3 - 4*y**3/3 + 33*y**2/2 - 226*y. Is 13 a factor of v(4)?
True
Let s be (-2)/4 - (2 + 31942/(-4)). Suppose -32*h - 687 = -s. Is 19 a factor of h?
True
Let p = -2219 + 5271. Is 7 a factor of p?
True
Suppose 5*y - y + x = 788, -5*y - 2*x + 988 = 0. Suppose -y = 10*p - 14*p. Is 19 a factor of p?
False
Let m = 82 - 32. Let z = 53 - m. Suppose -4*t + 2*n = -758, 4*t = -z*n + 1013 - 250. Does 14 divide t?
False
Is 33 a factor of 762/(-120)*5*-320?
False
Suppose -22*q + 82*q - 944415 = 27885. Is 7 a factor of q?
True
Let n(f) = -843*f + 753. Is n(-4) a multiple of 11?
True
Let k = -41486 + 61415. Is k a multiple of 21?
True
Suppose 0 = 370*j - 2196730 - 1835530. Does 55 divide j?
False
Let o be -1 + (-3)/(-5) + (-4662)/(-30). Suppose 77 + o = 4*d. Let g = d - -50. Does 9 divide g?
True
Let b = 10 - 21. Let y(c) = c**3 + 10*c**2 - 9*c + 26. Let p be y(b). Suppose 2 = -2*z, -22 = -k - 3*z + p*z. Does 21 divide k?
True
Let x be (-3 + -1)/((-500)/(-375)). Let g(a) = 9*a - 9 - 8*a - 38*a. Is 34 a factor of g(x)?
True
Suppose -30 + 337 = 4*z - x, x - 161 = -2*z. Is 8 a factor of z + 3/(-3) + -5?
True
Suppose -i - 1 = 3*v + 3, 3*i - 18 = v. Suppose -d - 62 = -5*s, 0 = i*d - 20 + 5. Does 9 divide 28 + -28 + 9*s?
True
Let z = 1649 - -2353. Is 23 a factor of z?
True
Let r be 26 - 31 - (-54)/2. Is (r/6)/(34/2448) a multiple of 8?
True
Is ((-1)/(-4 - 4385/(-1090)))/((-20)/1450) a multiple of 29?
True
Suppose -2*s = 7*s - 36. Suppose -s*t = -0*t - 16. Suppose -d - 106 = -4*l + 55, 0 = t*d + 4. Does 4 divide l?
True
Let s(x) = -44*x + 1282. Is 79 a factor of s(4)?
True
Let c = 2443 + 10327. Is c a multiple of 169?
False
Suppose -375*a - 533595 - 108955 = -400*a. Is 33 a factor of a?
False
Let c = 18 + -78. Let s = c - -78. Is 11 a factor of s/99 - (119/(-11) + 0)?
True
Let k(u) = u**3 - 17*u**2 + 18*u + 6. Suppose -22 = 11*d - 66. Suppose d*c - 5*c - b + 13 = 0, 4*c = 3*b + 73. Is 5 a factor of k(c)?
False
Let v = -63185 + 100804. Is v a multiple of 144?
False
Suppose 37614 - 195646 = -56*i. Does 56 divide i?
False
Suppose -5673*c - 25330 = -5678*c. Does 27 divide c?
False
Suppose -2*v = -9*v + 